**3 + 13*s**2/2 - 23*s. Let p be n(6). What is the highest common factor of 65 and p?
13
Suppose 15*v - 28 - 167 = 0. What is the highest common factor of 39 and v?
13
Let t be -1 - (-6)/(-9)*-9. Let b(w) = -w**3 - 5*w**2 + 10*w + 7. Let i be b(-7). Calculate the greatest common divisor of t and i.
5
Let n be 9*(0 - 22/(-6)). What is the greatest common divisor of n and 528?
33
Let q be (3*(-1)/3)/(1/(-32)). What is the highest common divisor of 160 and q?
32
Suppose -15*q + 10 = -14*q. Let d be 6/q + 666/15. What is the greatest common factor of d and 9?
9
Suppose -3*i + 323 = 2*f, -f - 175 + 74 = -i. Calculate the highest common factor of i and 42.
21
Let q be -1 + (-179)/(-5) + 5/25. Let o = q - 7. Let z = -3 + 10. Calculate the greatest common factor of z and o.
7
Suppose -1268 - 940 = -16*c. What is the highest common factor of c and 24?
6
Let k be 4/3 + (156835/(-21))/(-5). What is the greatest common divisor of k and 65?
65
Suppose -3*v = -2*f, -5*f + 3*v + 13 = 2*v. Suppose -594 = -f*j + 99. What is the highest common divisor of j and 33?
33
Let g = 76 + -40. Let i be (1/2)/((-6)/g). Let k be (-18)/((-18)/(-8) + i). Calculate the highest common factor of 36 and k.
12
Let b = -361 - -121. Let n be -7*(b/21 - -2). Calculate the highest common divisor of n and 6.
6
Suppose 40*r = 1231 + 1169. What is the highest common factor of r and 48?
12
Let y(t) = 201*t**2 - 3*t + 2. Let f be y(1). Let u(j) = 24*j + 1. Let r be u(1). Calculate the greatest common factor of f and r.
25
Let j(l) = 7*l - 38. Let r be j(6). What is the highest common factor of 92 and r?
4
Let g(z) = 18*z**3 + 3*z - 1. Suppose 5*a = -5*j - 5, -4*a + 1 - 7 = 2*j. Let i be g(j). What is the greatest common factor of 40 and i?
20
Suppose -4*s = 5*r - 27 - 18, 5 = 5*r - 4*s. What is the greatest common divisor of r and 95?
5
Let z = 1261 + -1241. Calculate the highest common divisor of 56 and z.
4
Let s = -9 + 36. Let p be 80/36 + (-6)/s. Suppose -52 = -4*t - 2*c - p*c, 5 = t - c. Calculate the greatest common divisor of 1 and t.
1
Let x(a) = 4*a**2 - 47*a + 7. Let f be x(13). What is the highest common factor of 54 and f?
18
Let h(x) = -26*x - 148. Let y be h(-6). Calculate the highest common factor of 584 and y.
8
Let q(d) = -13*d + 1. Let j be q(-6). Let h = 142 - j. What is the greatest common divisor of h and 42?
21
Let n(j) = 182*j**3 + 5*j - 5. Let k be n(1). Calculate the highest common divisor of 39 and k.
13
Let h(c) = -c**3 + 29*c**2 - 95*c - 109. Let g be h(25). Let x = -4 + 6. Calculate the greatest common factor of x and g.
2
Let f be (-11500)/(-275) + 2 + (-20)/11. Calculate the highest common factor of f and 56.
14
Let q = 123 + -113. Calculate the greatest common divisor of q and 35.
5
Let h be 19229/205 + 2/10 + -1. What is the greatest common divisor of 217 and h?
31
Suppose 84 = 49*d - 37*d. Calculate the greatest common factor of d and 1.
1
Suppose 2*i - 4*i + 208 = 0. Let a = 11 + -15. Let y be (a - -3) + 1 + 13. What is the highest common divisor of y and i?
13
Let x be ((-24)/(-30))/((-2)/(-5)). Suppose x*b - 14 = b. Suppose b = 2*a - 2*r, -2*r + 2 = -a + 2*r. What is the highest common factor of a and 4?
2
Let v(i) = -i**3 - 9*i**2 + 8*i - 18. Let q be v(-10). Suppose -q*p - 18 = -5*u + u, -u + 32 = 5*p. Calculate the highest common divisor of 49 and u.
7
Suppose 0 = -6*m + 4*m + 20. Let h(x) = x. Let w be h(0). Suppose w - m = -t. Calculate the greatest common factor of 20 and t.
10
Let d be (8 + -13)*66/10. Let c = d + 54. Calculate the highest common factor of c and 63.
21
Let y(c) = c**3 + 3*c**2 - 7*c + 4. Let k be y(-4). Let s = 17 - k. Calculate the highest common divisor of s and 23.
1
Let l be ((-6)/(-5))/((-8)/(-360)). What is the greatest common divisor of l and 6?
6
Let t = 3 + -1. Suppose -2*j + 284 = 4*z, -z - z + 154 = -t*j. Suppose -2*y + z = -165. Calculate the greatest common factor of 17 and y.
17
Let t be (64*2 - -2) + 0. Let b be (-8)/20*4*t. Let s = -112 - b. Calculate the highest common divisor of 12 and s.
12
Suppose 0 = -4*a + 79 - 23. Let v(x) = x**3 + 13*x**2 - 13*x - 15. Let c = -29 + 16. Let w be v(c). Calculate the highest common divisor of w and a.
14
Let x = 90 - 176. Let d be x/(-18) + 4/18. Calculate the highest common factor of 25 and d.
5
Suppose -1095*h = -1084*h - 1452. What is the highest common divisor of 4 and h?
4
Let w be ((-1)/3)/(2/24). Let h be (w/(-12))/((-3)/(-99)). Calculate the highest common factor of 99 and h.
11
Suppose -n + 1 = 0, 2*n = 5*a - 64 + 1. Suppose v = -4*m - 10, 2*v - 4*v - 4*m = 8. Let x = 63 + v. Calculate the highest common factor of a and x.
13
Let f be (-28 - -4)/(6/(-9)). Calculate the highest common factor of f and 8.
4
Let z(j) = -7*j - 46. Let a be z(-7). Let s be (-1)/((-24)/18 + 1 + 0). What is the highest common factor of a and s?
3
Let j(v) = -38*v**3 - 8*v**2 - 4*v + 2. Let q be j(-1). Calculate the greatest common divisor of 156 and q.
12
Suppose -3*k - k + 48 = 0. Let j(f) = f**3 + f**2 - 61*f - 28. Let i be j(-8). Calculate the greatest common divisor of k and i.
12
Suppose -28 = -5*k - 3*w, 5*k = -2*w - 13 + 45. What is the highest common divisor of 256 and k?
8
Suppose -5*a + 0*a = -435. Let p be ((-20)/(-3) + -6)*a/2. Calculate the greatest common divisor of 203 and p.
29
Let a(j) = -3*j**3 + 3*j**2 + 15*j + 7. Let b be a(-3). Calculate the highest common divisor of b and 490.
70
Suppose 2*q + q = -36. Let i be ((-1)/((-4)/16))/(-1). Let g = i - q. What is the greatest common divisor of g and 40?
8
Let v(a) = 2*a - 8. Let z be v(3). Let h be 0 + z/((-2)/15). What is the greatest common factor of 15 and h?
15
Let w be 18/(-4)*910/(-105). Calculate the greatest common divisor of 39 and w.
39
Let p = 152 + -89. Let m be ((-8)/2 - -3)*-3. Suppose x + 18 = m*x. What is the highest common factor of p and x?
9
Suppose -26*t + 31*t = 415. Let g = 99 - t. Calculate the greatest common factor of 32 and g.
16
Let z be (-73749)/(-45) - (-4)/30. Suppose -3*t + z = 643. Suppose 2*i - 4*s - t = -0*i, 0 = -5*i + 3*s + 865. What is the greatest common factor of i and 22?
22
Suppose 2*m = -2*q + 22, 2*m = -4*q - 0*q + 20. Suppose 2*w - m = -0. Let y be (-1)/((-20)/w - -3). Calculate the highest common divisor of y and 33.
3
Suppose 2*h - 2208 = 3*p, 7*p - 10*p = 3*h - 3282. Calculate the highest common factor of 36 and h.
18
Let v = -11 + 11. Suppose -2*y - 2*c = v, 0*c = -2*y + 3*c + 5. Suppose m + 3*p + 0 + y = 0, -p = m - 1. Calculate the greatest common factor of m and 2.
2
Let z(l) = -21 + 11*l + l**2 + 2*l**2 + 63 - 2*l**2. Let d be z(-8). Let j = 58 - 40. Calculate the highest common factor of j and d.
18
Let q(n) be the second derivative of -n**4/12 + 11*n**3/6 + 2*n. Let y be q(7). Let a = 251 + -27. Calculate the highest common divisor of y and a.
28
Suppose -3*z - 580 = -d, -2 - 18 = 5*z. Suppose 5*h + 5*j + 68 - d = 0, 5*j = 5*h - 500. Calculate the greatest common factor of 25 and h.
25
Let s be 47*22 + (-3)/(-3). Suppose 0 = -10*y + 5*y + s. Calculate the highest common factor of y and 23.
23
Let d be (-24544)/(-273) - 10/(-105). Calculate the highest common factor of d and 855.
45
Let n = -223 + 236. What is the highest common divisor of n and 221?
13
Suppose -37*x - p + 14 = -36*x, -4*x + 60 = 2*p. Let w(a) = -6*a + 4. Let r be w(-3). Let k = -6 + r. What is the greatest common divisor of k and x?
16
Let w(m) = m**3 + m**2 - m - 1. Let c be w(2). Suppose -15*g + 18*g = -27. Let d = g + 27. What is the greatest common divisor of d and c?
9
Let m = -24 - -24. Suppose -5*h = -2*t, m*h - 5*t = 5*h - 35. Suppose 4 = 4*o - h*o. What is the greatest common divisor of 1 and o?
1
Let c be (2/3)/((-3)/(-9)). Let v(b) = -b**3 + 4*b**2 - 4*b + 2. Let w be v(c). Suppose w*a + 0*a = 22. What is the highest common divisor of a and 77?
11
Suppose 4*i + 0*i = -3*w + 111, 2*i - 4*w - 72 = 0. Suppose -14*u + 313 + 317 = 0. Calculate the greatest common divisor of i and u.
15
Suppose 26*z = 28*z + 4. Let o be z/(-5)*(-11 - -1) + 118. What is the highest common factor of 76 and o?
38
Let j = -724 - -734. Calculate the highest common factor of 270 and j.
10
Suppose -106 = -4*p + 2*r + r, -r + 86 = 3*p. Let n be (-4 - 13) + -2*2. Let z be 6/n + 492/7. Calculate the greatest common factor